digit of 19049992?
4
What is the ten millions digit of 13031168?
1
What is the tens digit of 280342?
4
What is the tens digit of 298067?
6
What is the ten thousands digit of 13275252?
7
What is the hundreds digit of 159591?
5
What is the units digit of 256864?
4
What is the hundred thousands digit of 11185595?
1
What is the ten thousands digit of 96162?
9
What is the hundreds digit of 168929?
9
What is the thousands digit of 163663?
3
What is the hundred thousands digit of 171567?
1
What is the tens digit of 7568080?
8
What is the ten thousands digit of 168075?
6
What is the tens digit of 806073?
7
What is the ten thousands digit of 500442?
0
What is the units digit of 532655?
5
What is the millions digit of 32592211?
2
What is the hundreds digit of 111829?
8
What is the ten thousands digit of 39833?
3
What is the tens digit of 13640?
4
What is the units digit of 8095099?
9
What is the hundred thousands digit of 11469073?
4
What is the millions digit of 9023272?
9
What is the thousands digit of 276361?
6
What is the tens digit of 757294?
9
What is the tens digit of 2036449?
4
What is the hundred thousands digit of 604932?
6
What is the thousands digit of 2663?
2
What is the hundreds digit of 2233897?
8
What is the hundreds digit of 28131356?
3
What is the thousands digit of 7033388?
3
What is the thousands digit of 29405927?
5
What is the units digit of 15556280?
0
What is the tens digit of 216486?
8
What is the ten thousands digit of 848523?
4
What is the units digit of 13772938?
8
What is the millions digit of 11635024?
1
What is the tens digit of 974438?
3
What is the ten thousands digit of 209640?
0
What is the hundreds digit of 618650?
6
What is the units digit of 334823?
3
What is the hundreds digit of 99406?
4
What is the ten thousands digit of 186295?
8
What is the hundreds digit of 16202751?
7
What is the ten thousands digit of 1953122?
5
What is the thousands digit of 4789402?
9
What is the ten thousands digit of 228010?
2
What is the units digit of 237678?
8
What is the units digit of 8640516?
6
What is the thousands digit of 358926?
8
What is the hundred thousands digit of 4738320?
7
What is the thousands digit of 1957759?
7
What is the units digit of 866004?
4
What is the thousands digit of 6274758?
4
What is the thousands digit of 467624?
7
What is the units digit of 79417?
7
What is the thousands digit of 775721?
5
What is the tens digit of 6208614?
1
What is the hundreds digit of 4885422?
4
What is the thousands digit of 1853524?
3
What is the thousands digit of 628034?
8
What is the millions digit of 31241488?
1
What is the units digit of 894889?
9
What is the tens digit of 1466123?
2
What is the units digit of 16972394?
4
What is the hundreds digit of 33465717?
7
What is the ten thousands digit of 2079770?
7
What is the units digit of 72017?
7
What is the tens digit of 4847677?
7
What is the units digit of 555436?
6
What is the millions digit of 1383281?
1
What is the ten thousands digit of 830760?
3
What is the hundred thousands digit of 9151859?
1
What is the thousands digit of 59143?
9
What is the ten thousands digit of 4572471?
7
What is the hundred thousands digit of 3603959?
6
What is the hundreds digit of 56643?
6
What is the hundred thousands digit of 10128310?
1
What is the tens digit of 23769200?
0
What is the thousands digit of 21792511?
2
What is the thousands digit of 3027782?
7
What is the hundreds digit of 571330?
3
What is the ten thousands digit of 6081990?
8
What is the hundred thousands digit of 577870?
5
What is the hundreds digit of 26174513?
5
What is the hundred thousands digit of 610373?
6
What is the hundreds digit of 1684234?
2
What is the units digit of 12776599?
9
What is the hundreds digit of 9244090?
0
What is the units digit of 484113?
3
What is the millions digit of 1783744?
1
What is the ten thousands digit of 12286069?
8
What is the units digit of 8387025?
5
What is the hundred thousands digit of 1030871?
0
What is the millions digit of 1493023?
1
What is the millions digit of 4981956?
4
What is the units digit of 51304?
4
What is the ten thousands digit of 5273126?
7
What is the thousands digit of 15892604?
2
What is the millions digit of 3059565?
3
What is the hundred thousands digit of 7862032?
8
What is the hundreds digit of 16516460?
4
What is the hundreds digit of 17842177?
1
What is the thousands digit of 646392?
6
What is the thousands digit of 65824?
5
What is the tens digit of 38987335?
3
What is the thousands digit of 16031549?
1
What is the hundred thousands digit of 620602?
6
What is the hundreds digit of 2729267?
2
What is the ten thousands digit of 60281?
6
What is the thousands digit of 25988848?
8
What is the hundreds digit of 6771506?
5
What is the units digit of 2874133?
3
What is the units digit of 2944113?
3
What is the hundreds digit of 4375277?
2
What is the ten thousands digit of 22884243?
8
What is the tens digit of 91942?
4
What is the hundred thousands digit of 14801790?
8
What is the ten thousands digit of 19454729?
5
What is the hundred thousands digit of 593896?
5
What is the hundred thousands digit of 6962764?
9
What is the tens digit of 465416?
1
What is the units digit of 722922?
2
What is the hundred thousands digit of 971661?
9
What is the tens digit of 1038776?
7
What is the ten thousands digit of 4321274?
2
What is the hundred thousands digit of 411136?
4
What is the ten thousands digit of 133374?
3
What is the millions digit of 1619749?
1
What is the thousands digit of 556032?
6
What is the ten thousands digit of 22976979?
7
What is the hundred thousands digit of 1095696?
0
What is the ten thousands digit of 1672669?
7
What is the hundred thousands digit of 231557?
2
What is the hundreds digit of 2590733?
7
What is the units digit of 351557?
7
What is the units digit of 8394988?
8
What is the hundred thousands digit of 147004?
1
What is the ten thousands digit of 661538?
6
What is the hundred thousands digit of 1916192?
9
What is the tens digit of 3015294?
9
What is the hundreds digit of 1280138?
1
What is the ten thousands digit of 204233?
0
What is the tens digit of 1526257?
5
What is the hundreds digit of 1402012?
0
What is the thousands digit of 2684909?
4
What is the hundreds digit of 371187?
1
What is the ten millions digit of 11142774?
1
What is the hundreds digit of 808291?
2
What is the hundred thousands digit of 2947756?
9
What is the units digit of 375659?
9
What is the hundred thousands digit of 4133725?
1
What is the hundreds digit of 3433034?
0
What is the tens digit of 144332?
3
What is the millions digit of 2070910?
2
What is the units digit of 384480?
0
What is the tens digit of 416370?
7
What is the hundreds digit of 397501?
5
What is the ten thousands digit of 286943?
8
What is the ten thousands digit of 1528890?
2
What is the hundred thousands digit of 277564?
2
What is the hundreds digit of 168669?
6
What is the tens digit of 2294957?
5
What is the units digit of 606364?
4
What is the tens digit of 2597426?
2
What is the hundreds digit of 235100?
1
What is the units digit of 1156569?
9
What is the units digit of 28762357?
7
What is the ten thousands digit of 1794310?
9
What is the tens digit of 3509576?
7
What is the tens digit of 523260?
6
What is the thousands digit of 830208?
0
What is the ten thousands digit of 887196?
8
What is the units digit of 5949497?
7
What is the tens digit of 168644?
4
What is the thousands digit of 1785929?
5
What is the hundred thousands digit of 28824400?
8
What is the millions digit of 10489030?
0
What is the hundreds digit of 8816678?
6
What is the hundred thousands digit of 906756?
9
What is the thousands digit of 28063833?
3
What is the tens digit of 186512?
1
What is the units digit of 1896226?
6
What is the thousands digit of 480136?
0
What is the tens digit of 1476745?
4
What is the thousands digit of 158004?
8
What is the ten thousands digit of 2573968?
7
What is the hundred thousands digit of 4043516?
0
What is the thousands digit of 810278?
0
What is the tens digit of 1544687?
8
What is the tens digit of 13503303?
0
What is the ten thousands digit of 4935137?
3
What is the thousands digit of 412087?
2
What is the thousands digit of 1440021?
0
What is the ten thousands digit of 1610132?
1
